{"id":56,"date":"2012-04-19T19:56:25","date_gmt":"2012-04-19T19:56:25","guid":{"rendered":"http:\/\/mchead.net\/newmchosting\/?page_id=36"},"modified":"2012-04-19T19:56:25","modified_gmt":"2012-04-19T19:56:25","slug":"cenik-domen","status":"publish","type":"page","link":"https:\/\/www.mchosting.net\/?page_id=56","title":{"rendered":"Cen\u00edk dom\u00e9n"},"content":{"rendered":"<p>Cen\u00edk dom\u00e9n:<\/p>\n<table>\n<tr>\n<th><\/th>\n<th>Cena za 1 rok<\/th>\n<\/tr>\n<tr>\n<td>.cz<\/td>\n<td class=\"center\"><strong>300 K\u010d<\/strong><\/td>\n<\/tr>\n<tr>\n<td>.net, .com, .org, .info, .biz<\/td>\n<td class=\"center\"><strong>300 K\u010d<\/strong><\/td>\n<\/tr>\n<tr>\n<td>.eu<\/td>\n<td class=\"center\"><strong>270 K\u010d<\/strong><\/td>\n<\/tr>\n<\/table>\n","protected":false},"excerpt":{"rendered":"<p>Cen\u00edk dom\u00e9n: Cena za 1 rok .cz 300 K\u010d .net, .com, .org, .info, .biz 300 K\u010d .eu 270 K\u010d<\/p>\n","protected":false},"author":1,"featured_media":0,"parent":0,"menu_order":0,"comment_status":"closed","ping_status":"closed","template":"","meta":[],"_links":{"self":[{"href":"https:\/\/www.mchosting.net\/index.php?rest_route=\/wp\/v2\/pages\/56"}],"collection":[{"href":"https:\/\/www.mchosting.net\/index.php?rest_route=\/wp\/v2\/pages"}],"about":[{"href":"https:\/\/www.mchosting.net\/index.php?rest_route=\/wp\/v2\/types\/page"}],"author":[{"embeddable":true,"href":"https:\/\/www.mchosting.net\/index.php?rest_route=\/wp\/v2\/users\/1"}],"replies":[{"embeddable":true,"href":"https:\/\/www.mchosting.net\/index.php?rest_route=%2Fwp%2Fv2%2Fcomments&post=56"}],"version-history":[{"count":1,"href":"https:\/\/www.mchosting.net\/index.php?rest_route=\/wp\/v2\/pages\/56\/revisions"}],"predecessor-version":[{"id":97,"href":"https:\/\/www.mchosting.net\/index.php?rest_route=\/wp\/v2\/pages\/56\/revisions\/97"}],"wp:attachment":[{"href":"https:\/\/www.mchosting.net\/index.php?rest_route=%2Fwp%2Fv2%2Fmedia&parent=56"}],"curies":[{"name":"wp","href":"https:\/\/api.w.org\/{rel}","templated":true}]}}